{"id":50,"date":"2023-02-11T15:22:26","date_gmt":"2023-02-11T15:22:26","guid":{"rendered":"https:\/\/amc-luenen.de\/?page_id=50"},"modified":"2026-01-28T20:18:06","modified_gmt":"2026-01-28T20:18:06","slug":"termine","status":"publish","type":"page","link":"https:\/\/amc-luenen.de\/?page_id=50","title":{"rendered":"Termine"},"content":{"rendered":"\n<p><strong>Veranstaltungen des AMC L\u00fcnen:<\/strong><\/p>\n\n\n\n<p class=\"has-medium-font-size\"><strong>Clubabende 2026:<\/strong><\/p>\n\n\n\n<p class=\"has-medium-font-size\"><strong>jeden 2. Mittwoch eines Monats um 20 Uhr &#8211;<\/strong><br>im Clublokal<br><strong>Restaurant Brauhaus<br>DREI LINDEN<br>Lange Stra\u00dfe 71<br>44532 L\u00fcnen<\/strong><br><br><em>21.01. &#8211; Gr\u00fcnkohlessen mit Slalomhelferinnen\/-helfern <\/em><br><strong>11.02. &#8211; Jahreshauptversammlung mit Vorstandswahlen<br>11.03. &#8211; Clubabend<br>08.04.<strong> &#8211; Clubabend<\/strong><br>13.05. &#8211; Clubabend<\/strong><br><strong>10.06. &#8211; Clubabend<\/strong><br><strong>08.07. &#8211; Clubabend<\/strong><br><strong>26.07. &#8211; 62. AMC-L\u00fcnen-Slalom 2026 in Recklinghausen<br>12.08.<strong> &#8211; Clubabend<\/strong><br>09.09.<strong> &#8211; Clubabend<\/strong><br>14.10.<strong> &#8211; Clubabend<\/strong><br>11.11.<strong> &#8211; Clubabend<\/strong><br>09.12. &#8211; Clubabend<\/strong><\/p>\n\n\n\n<p class=\"has-medium-font-size\"><strong>Termin\u00e4nderungen werden rechtzeitig hier oder \u00fcber Facebook bekanntgegeben.<\/strong><\/p>\n\n\n\n<p class=\"has-small-font-size\"><img loading=\"lazy\" decoding=\"async\" width=\"300\" height=\"109\" class=\"wp-image-676\" style=\"width: 300px;\" src=\"https:\/\/amc-luenen.de\/wp-content\/uploads\/2023\/02\/cropped-amc_kadett_schmidt_qualmreifen_slalom_foto_kuhne_2_20200311-1.png\" alt=\"\" srcset=\"https:\/\/amc-luenen.de\/wp-content\/uploads\/2023\/02\/cropped-amc_kadett_schmidt_qualmreifen_slalom_foto_kuhne_2_20200311-1.png 1920w, https:\/\/amc-luenen.de\/wp-content\/uploads\/2023\/02\/cropped-amc_kadett_schmidt_qualmreifen_slalom_foto_kuhne_2_20200311-1-300x109.png 300w, https:\/\/amc-luenen.de\/wp-content\/uploads\/2023\/02\/cropped-amc_kadett_schmidt_qualmreifen_slalom_foto_kuhne_2_20200311-1-1024x373.png 1024w, https:\/\/amc-luenen.de\/wp-content\/uploads\/2023\/02\/cropped-amc_kadett_schmidt_qualmreifen_slalom_foto_kuhne_2_20200311-1-768x280.png 768w, https:\/\/amc-luenen.de\/wp-content\/uploads\/2023\/02\/cropped-amc_kadett_schmidt_qualmreifen_slalom_foto_kuhne_2_20200311-1-1536x560.png 1536w, https:\/\/amc-luenen.de\/wp-content\/uploads\/2023\/02\/cropped-amc_kadett_schmidt_qualmreifen_slalom_foto_kuhne_2_20200311-1-165x60.png 165w\" sizes=\"auto, (max-width: 300px) 100vw, 300px\" \/><\/p>\n\n\n\n<p class=\"has-medium-font-size\"><strong>Slalom 2026 &#8211; Termine und <em>kursive<\/em> Angaben unter Vorbehalt<\/strong><br><br><em>26.07.2026 &#8211; 09:00 Uhr bis 17:00 Uhr<br>Verkehrs\u00fcbungsplatz ADAC <br>Vinckestra\u00dfe 27<br>45661 Recklinghausen<\/em><\/p>\n\n\n\n<p class=\"has-small-font-size\">Weiteres siehe unter <a href=\"https:\/\/amc-luenen.de\/events\"><strong>Veranstaltungen<\/strong><\/a><\/p>\n\n\n\n<p><\/p>\n","protected":false},"excerpt":{"rendered":"<p>Veranstaltungen des AMC L\u00fcnen: Clubabende 2026: jeden 2. Mittwoch eines Monats um 20 Uhr &#8211;im ClublokalRestaurant BrauhausDREI LINDENLange Stra\u00dfe 7144532 L\u00fcnen 21.01. &#8211; Gr\u00fcnkohlessen mit Slalomhelferinnen\/-helfern 11.02. &#8211; Jahreshauptversammlung mit &hellip; <a href=\"https:\/\/amc-luenen.de\/?page_id=50\" class=\"more-link\"><span class=\"screen-reader-text\">Termine<\/span> weiterlesen<\/a><\/p>\n","protected":false},"author":1,"featured_media":112,"parent":0,"menu_order":0,"comment_status":"closed","ping_status":"closed","template":"","meta":{"footnotes":""},"class_list":["post-50","page","type-page","status-publish","has-post-thumbnail","hentry"],"_links":{"self":[{"href":"https:\/\/amc-luenen.de\/index.php?rest_route=\/wp\/v2\/pages\/50","targetHints":{"allow":["GET"]}}],"collection":[{"href":"https:\/\/amc-luenen.de\/index.php?rest_route=\/wp\/v2\/pages"}],"about":[{"href":"https:\/\/amc-luenen.de\/index.php?rest_route=\/wp\/v2\/types\/page"}],"author":[{"embeddable":true,"href":"https:\/\/amc-luenen.de\/index.php?rest_route=\/wp\/v2\/users\/1"}],"replies":[{"embeddable":true,"href":"https:\/\/amc-luenen.de\/index.php?rest_route=%2Fwp%2Fv2%2Fcomments&post=50"}],"version-history":[{"count":26,"href":"https:\/\/amc-luenen.de\/index.php?rest_route=\/wp\/v2\/pages\/50\/revisions"}],"predecessor-version":[{"id":992,"href":"https:\/\/amc-luenen.de\/index.php?rest_route=\/wp\/v2\/pages\/50\/revisions\/992"}],"wp:featuredmedia":[{"embeddable":true,"href":"https:\/\/amc-luenen.de\/index.php?rest_route=\/wp\/v2\/media\/112"}],"wp:attachment":[{"href":"https:\/\/amc-luenen.de\/index.php?rest_route=%2Fwp%2Fv2%2Fmedia&parent=50"}],"curies":[{"name":"wp","href":"https:\/\/api.w.org\/{rel}","templated":true}]}}