{"id":85,"date":"2023-02-11T19:14:52","date_gmt":"2023-02-11T19:14:52","guid":{"rendered":"https:\/\/amc-luenen.de\/?page_id=85"},"modified":"2024-07-27T10:09:40","modified_gmt":"2024-07-27T10:09:40","slug":"mitgliedsantrag","status":"publish","type":"page","link":"https:\/\/amc-luenen.de\/?page_id=85","title":{"rendered":"Mitgliedsantrag"},"content":{"rendered":"\n<p class=\"has-small-font-size\"><strong>Mitglied werden<\/strong><\/p>\n\n\n\n<p class=\"has-small-font-size\">Wir freuen uns auf neue Mitglieder, die Interesse an Benzingespr\u00e4chen, Motorsport und sonstigen Vereinsaktivit\u00e4ten haben. Erst einmal unverbindliches Vorbeischauen bei unserem monatlichen Clubabend? Gern!<\/p>\n\n\n\n<p class=\"has-medium-font-size\"><strong><a href=\"https:\/\/amc-luenen.de\/wp-content\/uploads\/2024\/07\/Aufnahmeantrag_amc_luenen_20240726_0925-1.pdf\">AMC-L\u00fcnen Aufnahmeantrag<\/a><\/strong><\/p>\n\n\n\n<p class=\"has-small-font-size\">Postadresse:<\/p>\n\n\n\n<p class=\"has-small-font-size\">Gerd Flentje<br>1. Vorsitzender<br>AMC 1927 L\u00fcnen e. V. im ADAC<br>Krimstra\u00dfe 7<br>44534 L\u00fcnen<br><br>vorstand@amc-luenen.de<br><\/p>\n\n\n\n<p><\/p>\n","protected":false},"excerpt":{"rendered":"<p>Mitglied werden Wir freuen uns auf neue Mitglieder, die Interesse an Benzingespr\u00e4chen, Motorsport und sonstigen Vereinsaktivit\u00e4ten haben. Erst einmal unverbindliches Vorbeischauen bei unserem monatlichen Clubabend? Gern! AMC-L\u00fcnen Aufnahmeantrag Postadresse: Gerd &hellip; <a href=\"https:\/\/amc-luenen.de\/?page_id=85\" class=\"more-link\"><span class=\"screen-reader-text\">Mitgliedsantrag<\/span> weiterlesen<\/a><\/p>\n","protected":false},"author":1,"featured_media":0,"parent":0,"menu_order":0,"comment_status":"closed","ping_status":"closed","template":"","meta":{"footnotes":""},"class_list":["post-85","page","type-page","status-publish","hentry"],"_links":{"self":[{"href":"https:\/\/amc-luenen.de\/index.php?rest_route=\/wp\/v2\/pages\/85","targetHints":{"allow":["GET"]}}],"collection":[{"href":"https:\/\/amc-luenen.de\/index.php?rest_route=\/wp\/v2\/pages"}],"about":[{"href":"https:\/\/amc-luenen.de\/index.php?rest_route=\/wp\/v2\/types\/page"}],"author":[{"embeddable":true,"href":"https:\/\/amc-luenen.de\/index.php?rest_route=\/wp\/v2\/users\/1"}],"replies":[{"embeddable":true,"href":"https:\/\/amc-luenen.de\/index.php?rest_route=%2Fwp%2Fv2%2Fcomments&post=85"}],"version-history":[{"count":10,"href":"https:\/\/amc-luenen.de\/index.php?rest_route=\/wp\/v2\/pages\/85\/revisions"}],"predecessor-version":[{"id":861,"href":"https:\/\/amc-luenen.de\/index.php?rest_route=\/wp\/v2\/pages\/85\/revisions\/861"}],"wp:attachment":[{"href":"https:\/\/amc-luenen.de\/index.php?rest_route=%2Fwp%2Fv2%2Fmedia&parent=85"}],"curies":[{"name":"wp","href":"https:\/\/api.w.org\/{rel}","templated":true}]}}