{"id":93,"date":"2023-02-11T20:36:43","date_gmt":"2023-02-11T20:36:43","guid":{"rendered":"https:\/\/amc-luenen.de\/?page_id=93"},"modified":"2023-02-20T21:56:22","modified_gmt":"2023-02-20T21:56:22","slug":"ueber-uns","status":"publish","type":"page","link":"https:\/\/amc-luenen.de\/?page_id=93","title":{"rendered":"\u00dcber uns"},"content":{"rendered":"\n<p><\/p>\n\n\n\n<figure class=\"wp-block-table is-style-regular has-small-font-size\"><table><thead><tr><th><strong>Unser Vorstand<\/strong><br>Sonstiges<\/th><th>Historie &#8211; Vom Herrenfahrer-Club L\u00fcnen zum <strong>Automobil- und Motorsport-Club 1927 L\u00fcnen e. V. im ADAC<\/strong><\/th><\/tr><\/thead><tbody><tr><td><strong>1. Vorsitzender<\/strong><br>Flentje, Gerd<br><br><strong>2. Vorsitzender<\/strong><br>Kuhne, Klaus<br><br><strong>Schriftf\u00fchrer, Kassenwart<\/strong><br>Winkel, Ralph<br><br><strong>Sportleiter<\/strong><br>Pixberg, Marcel<br><br><strong>1. Beisitzer<\/strong><br>Schmidt, Dirk<br><br><strong>2. Beisitzer<\/strong><br>Funke, Markus<br><br><strong>vorstand<\/strong>@<strong>amc-luenen.de<\/strong><br><br><strong>Sonstiges<\/strong>:<br><br><strong>Social Media<\/strong><br>Funke, Christine<br><br><strong>Website<\/strong><br>L\u00fcck, Harald<br><br><br><br><br><br><br><br><br><br><br><br><br><br><br><br><\/td><td><strong>\u00dcber 90 Jahre AMC L\u00fcnen<br>Geschichte des &#8222;Herrenfahrer-Club L\u00fcnen&#8220;<\/strong><br><br>Unser<br><strong>Automobil- und Motorsport-Club 1927 L\u00fcnen e. V. im ADAC<\/strong> (AMC L\u00fcnen)<br>ging aus dem<br><strong>Motor-Herrenfahrerclub L\u00fcnen<\/strong><br>hervor.<br><br>Leider existieren aus der Zeit vor 1948 nicht mehr viele Unterlagen.<br><br><strong>Nur so viel:<\/strong><br><br>Am 15.09.1927 wurde eine Fahrt ins Ahrtal unternommen, und im August 1928 fand ein &#8222;Westf\u00e4lisches Flachrennen L\u00fcnen um den schnellsten Kilometer 1928&#8220; rund um Cappenberg (heute Stadtteil von Selm) statt.<br><br>Schon damals musste das Rennen von der Obersten nationalen Sportbeh\u00f6rde des Deutschen Reiches (ONS) mit Sitz in der Reichshauptstadt Berlin genehmigt werden. Es fand in Konkurrenz zu dem damals bekannten Hohensyburg-Rundstrecken-Rennen statt (heute Dortmund-Hohensyburg).<br><br>1954 fusionierte der Motor-Herrenfahrerclub L\u00fcnen mit dem Motorsportclub Gro\u00df-L\u00fcnen e. V. und fand als Automobil- und Motorsportclub 1927 e. V. im ADAC &#8211; L\u00fcnen seine heutige Vereinsform.<br><br>Aus der Zeit Ende der 1950er- und Anfang der 1960er-Jahre ist heute leider kein Mitglied mehr&nbsp;im AMC L\u00fcnen vertreten, das uns noch etwas \u00fcber die Motorsportgeschichte unseres AMC L\u00fcnen erz\u00e4hlen k\u00f6nnte.<br><br><strong>Aktivit\u00e4ten: Motorsport und Geselligkeit<\/strong><br><br>Motorsport und Geselligkeit bildeten und bilden die Hauptaktivit\u00e4ten unseres Clubs. Nach dem 2. Weltkrieg wurde bereits 1948 die Clubt\u00e4tigkeit mit alten und neuen Mitgliedern wieder aufgenommen und das Vereinsleben neu organisiert.<br><br>Einige Clubmitglieder erzielten hervorragende Einzelleistungen (auszugsweise aufgef\u00fchrt):<br><br>1956, 1957, 1958 errang Peter Sagowski die Gaumeisterschaft der Grasbahnfahrer.<br><br>1971 erzielte Horst Schneider auf Porsche 12 Klassensiege bei der Gaumeisterschaft im Slalom.<br><br>Ein weiteres erfolgreiches Mitglied war Dietrich (Didi) Hueck. Seit 1969 an Rundstreckenrennen und L\u00e4ufen zur deutschen Meisterschaft beteiligt, erreichte er auf Styer-Puch, Mini-Cooper, Renault-Alpine und auf Volkswagen-Scirocco im VW-Junior-Cup verschiedene vordere Platzierungen<br><br>Und da w\u00e4re auch noch unser 1. Vorsitzende Gerd Flentje, mittlerweile die Mitte 60 \u00fcberschritten und seit \u00fcber 30 Jahren aktiv im Motorsport dabei, geehrt und ausgezeichnet mit der Silbernen Ehrennadel mit goldenem Adler des ADAC.<br><br>Er fuhr vor \u00fcber 30 Jahren gegen Keke Rosberg Formel V(au)! Gerd Flentje bezwang und bezwingt immer noch die gr\u00fcne H\u00f6lle bei den j\u00e4hrlichen 24-Stunden-Rennen.<br><br>Viele weitere, ungenannte AMC-Clubmitglieder und Motorsportfreunde nehmen und nahmen an clubinternen\/-externen Motorsportveranstaltungen des ADAC teil, seien es Ralleys, Orientierungsfahrten, Slalomveranstaltungen, Rundstreckenrennen, und, und, und &#8230; mit und ohne Erfolg, aber dabei gewesen und mitgefahren und somit f\u00fcr das Interesse am Motorsport geworben. Ihre Namen hier aufzuf\u00fchren, w\u00fcrde den Rahmen sprengen, zeugt jedoch von den Aktivit\u00e4ten unseres Automobil- und Motorsportclubs L\u00fcnen 1927 e. V. Und wer nicht aktiv fahren will, beteiltigt sich gern an den interessant gestalteten monatlichen Clubabenden &#8230;<br><strong>und wann kommen Sie?<\/strong><\/td><\/tr><\/tbody><\/table><\/figure>\n\n\n\n<p><\/p>\n\n\n\n<p><\/p>\n\n\n\n<p><\/p>\n","protected":false},"excerpt":{"rendered":"<p>Unser VorstandSonstiges Historie &#8211; Vom Herrenfahrer-Club L\u00fcnen zum Automobil- und Motorsport-Club 1927 L\u00fcnen e. V. im ADAC 1. VorsitzenderFlentje, Gerd 2. VorsitzenderKuhne, Klaus Schriftf\u00fchrer, KassenwartWinkel, Ralph SportleiterPixberg, Marcel 1. BeisitzerSchmidt, &hellip; <a href=\"https:\/\/amc-luenen.de\/?page_id=93\" class=\"more-link\"><span class=\"screen-reader-text\">\u00dcber uns<\/span> weiterlesen<\/a><\/p>\n","protected":false},"author":1,"featured_media":0,"parent":0,"menu_order":0,"comment_status":"closed","ping_status":"closed","template":"","meta":{"footnotes":""},"class_list":["post-93","page","type-page","status-publish","hentry"],"_links":{"self":[{"href":"https:\/\/amc-luenen.de\/index.php?rest_route=\/wp\/v2\/pages\/93","targetHints":{"allow":["GET"]}}],"collection":[{"href":"https:\/\/amc-luenen.de\/index.php?rest_route=\/wp\/v2\/pages"}],"about":[{"href":"https:\/\/amc-luenen.de\/index.php?rest_route=\/wp\/v2\/types\/page"}],"author":[{"embeddable":true,"href":"https:\/\/amc-luenen.de\/index.php?rest_route=\/wp\/v2\/users\/1"}],"replies":[{"embeddable":true,"href":"https:\/\/amc-luenen.de\/index.php?rest_route=%2Fwp%2Fv2%2Fcomments&post=93"}],"version-history":[{"count":15,"href":"https:\/\/amc-luenen.de\/index.php?rest_route=\/wp\/v2\/pages\/93\/revisions"}],"predecessor-version":[{"id":729,"href":"https:\/\/amc-luenen.de\/index.php?rest_route=\/wp\/v2\/pages\/93\/revisions\/729"}],"wp:attachment":[{"href":"https:\/\/amc-luenen.de\/index.php?rest_route=%2Fwp%2Fv2%2Fmedia&parent=93"}],"curies":[{"name":"wp","href":"https:\/\/api.w.org\/{rel}","templated":true}]}}

Über uns

<p></p>



<figure class="wp-block-table is-style-regular has-small-font-size"><table><thead><tr><th><strong>Unser Vorstand</strong><br>Sonstiges</th><th>Historie &#8211; Vom Herrenfahrer-Club Lünen zum <strong>Automobil- und Motorsport-Club 1927 Lünen e. V. im ADAC</strong></th></tr></thead><tbody><tr><td><strong>1. Vorsitzender</strong><br>Flentje, Gerd<br><br><strong>2. Vorsitzender</strong><br>Kuhne, Klaus<br><br><strong>Schriftführer, Kassenwart</strong><br>Winkel, Ralph<br><br><strong>Sportleiter</strong><br>Pixberg, Marcel<br><br><strong>1. Beisitzer</strong><br>Schmidt, Dirk<br><br><strong>2. Beisitzer</strong><br>Funke, Markus<br><br><strong>vorstand</strong>@<strong>amc-luenen.de</strong><br><br><strong>Sonstiges</strong>:<br><br><strong>Social Media</strong><br>Funke, Christine<br><br><strong>Website</strong><br>Lück, Harald<br><br><br><br><br><br><br><br><br><br><br><br><br><br><br><br></td><td><strong>Über 90 Jahre AMC Lünen<br>Geschichte des &#8222;Herrenfahrer-Club Lünen&#8220;</strong><br><br>Unser<br><strong>Automobil- und Motorsport-Club 1927 Lünen e. V. im ADAC</strong> (AMC Lünen)<br>ging aus dem<br><strong>Motor-Herrenfahrerclub Lünen</strong><br>hervor.<br><br>Leider existieren aus der Zeit vor 1948 nicht mehr viele Unterlagen.<br><br><strong>Nur so viel:</strong><br><br>Am 15.09.1927 wurde eine Fahrt ins Ahrtal unternommen, und im August 1928 fand ein &#8222;Westfälisches Flachrennen Lünen um den schnellsten Kilometer 1928&#8220; rund um Cappenberg (heute Stadtteil von Selm) statt.<br><br>Schon damals musste das Rennen von der Obersten nationalen Sportbehörde des Deutschen Reiches (ONS) mit Sitz in der Reichshauptstadt Berlin genehmigt werden. Es fand in Konkurrenz zu dem damals bekannten Hohensyburg-Rundstrecken-Rennen statt (heute Dortmund-Hohensyburg).<br><br>1954 fusionierte der Motor-Herrenfahrerclub Lünen mit dem Motorsportclub Groß-Lünen e. V. und fand als Automobil- und Motorsportclub 1927 e. V. im ADAC &#8211; Lünen seine heutige Vereinsform.<br><br>Aus der Zeit Ende der 1950er- und Anfang der 1960er-Jahre ist heute leider kein Mitglied mehr&nbsp;im AMC Lünen vertreten, das uns noch etwas über die Motorsportgeschichte unseres AMC Lünen erzählen könnte.<br><br><strong>Aktivitäten: Motorsport und Geselligkeit</strong><br><br>Motorsport und Geselligkeit bildeten und bilden die Hauptaktivitäten unseres Clubs. Nach dem 2. Weltkrieg wurde bereits 1948 die Clubtätigkeit mit alten und neuen Mitgliedern wieder aufgenommen und das Vereinsleben neu organisiert.<br><br>Einige Clubmitglieder erzielten hervorragende Einzelleistungen (auszugsweise aufgeführt):<br><br>1956, 1957, 1958 errang Peter Sagowski die Gaumeisterschaft der Grasbahnfahrer.<br><br>1971 erzielte Horst Schneider auf Porsche 12 Klassensiege bei der Gaumeisterschaft im Slalom.<br><br>Ein weiteres erfolgreiches Mitglied war Dietrich (Didi) Hueck. Seit 1969 an Rundstreckenrennen und Läufen zur deutschen Meisterschaft beteiligt, erreichte er auf Styer-Puch, Mini-Cooper, Renault-Alpine und auf Volkswagen-Scirocco im VW-Junior-Cup verschiedene vordere Platzierungen<br><br>Und da wäre auch noch unser 1. Vorsitzende Gerd Flentje, mittlerweile die Mitte 60 überschritten und seit über 30 Jahren aktiv im Motorsport dabei, geehrt und ausgezeichnet mit der Silbernen Ehrennadel mit goldenem Adler des ADAC.<br><br>Er fuhr vor über 30 Jahren gegen Keke Rosberg Formel V(au)! Gerd Flentje bezwang und bezwingt immer noch die grüne Hölle bei den jährlichen 24-Stunden-Rennen.<br><br>Viele weitere, ungenannte AMC-Clubmitglieder und Motorsportfreunde nehmen und nahmen an clubinternen/-externen Motorsportveranstaltungen des ADAC teil, seien es Ralleys, Orientierungsfahrten, Slalomveranstaltungen, Rundstreckenrennen, und, und, und &#8230; mit und ohne Erfolg, aber dabei gewesen und mitgefahren und somit für das Interesse am Motorsport geworben. Ihre Namen hier aufzuführen, würde den Rahmen sprengen, zeugt jedoch von den Aktivitäten unseres Automobil- und Motorsportclubs Lünen 1927 e. V. Und wer nicht aktiv fahren will, beteiltigt sich gern an den interessant gestalteten monatlichen Clubabenden &#8230;<br><strong>und wann kommen Sie?</strong></td></tr></tbody></table></figure>



<p></p>



<p></p>



<p></p>

<p>Unser VorstandSonstiges Historie &#8211; Vom Herrenfahrer-Club Lünen zum Automobil- und Motorsport-Club 1927 Lünen e. V. im ADAC 1. VorsitzenderFlentje, Gerd 2. VorsitzenderKuhne, Klaus Schriftführer, KassenwartWinkel, Ralph SportleiterPixberg, Marcel 1. BeisitzerSchmidt, &hellip; <a href="https://amc-luenen.de/?page_id=93" class="more-link"><span class="screen-reader-text">Über uns</span> weiterlesen</a></p>
